1
8
Evaluate (0 + 2 - (24 + -17)) + 11.
6
What is -9 - (2 + 2 + -2 - 2)?
-9
What is the value of -4 - (-2 - ((-1 - 1) + 6))?
2
Evaluate 2 - (0 - 1 - (0 - 6)).
-3
What is the value of 11 + -24 + (-4 - -9)?
-8
What is the value of -4 + 9 + (1 - 5)?
1
What is the value of 10 + -24 + (8 - 0)?
-6
4 - -3 - -1 - (4 + -1)
5
What is the value of (-1 - (4 - 5)) + -2 + 3?
1
-10 + (3 - -2) + 12
7
Evaluate 5 - (2 + (5 - (3 - 3))).
-2
Calculate 6 + (17 - 20) + (1 - 1).
3
Calculate 1 + (-4 + 2 - -1) + -4.
-4
1 + (1 - -3) + -4
1
-12 + 19 - (1 + 7)
-1
What is the value of -1 - (1 + -1) - -4?
3
(-4 - ((4 - 3) + -12)) + -3
4
Evaluate -5 + (-7 + 9 - -11).
8
Calculate -5 - (-8 - ((-8 - -7) + -7)).
-5
Evaluate (-9 - -3) + (-15 - -26) + -10.
-5
What is (6 - 12 - -11) + (-11 - -3)?
-3
-3 + -2 + 6 + 2 + -8
-5
Evaluate 0 - (1 - 1) - 1.
-1
What is the value of (-3 - -6) + (-3 - (2 + -4))?
2
What is the value of -8 - 1 - (20 - 25)?
-4
Calculate 0 + 1 - (-9 - -11).
-1
What is -9 + 8 + -2 + -3?
-6
7 + (-1 - 20 - (-60 + 53))
-7
What is the value of -7 - (-6 - (6 + -5 + -4))?
-4
Calculate 4 - (6 - 8 - -1).
5
What is the value of -9 - (-11 + (-6 - -11) - -7)?
-10
What is -12 - (-33 + 26) - (0 - 0)?
-5
What is 5 - (7 - (0 + 5))?
3
Calculate -10 + (14 - (2 + -1)).
3
What is the value of (0 - -1) + (-13 - (-3 + -7))?
-2
-6 + ((-3 - 1) + 9 - 5)
-6
What is the value of -1 + -1 - (-4 - -6)?
-4
Calculate 1 - 0 - (-2 + 1 - -2).
0
What is -6 + -3 + (2 - -9) + 7?
9
What is the value of -3 - (7 - (-13 - -5) - 7)?
-11
What is the value of (3 - 2) + 6 + 2 + -7?
2
What is -1 + 2 + 2 + -1?
2
3 + -1 - (3 + 4 - 6)
1
Calculate (2 + -4 - -1) + -4 + 0.
-5
What is the value of 1 + (-5 - -1) - -5?
2
Evaluate -4 - (-9 - (-9 + (10 - 2))).
4
Calculate (5 - (12 + -7)) + -3.
-3
What is -1 - (3 + -1 + -5)?
2
What is the value of (2 - (-4 + 8 - -5)) + 4?
-3
Evaluate (1 - (0 + -2)) + -4 + 4.
3
What is the value of (5 - 1) + -12 + 3?
-5
Calculate -3 + -3 - 1 - -5.
-2
What is 19 + -27 + (1 - -6)?
-1
4 - (10 + -3) - (5 - 4)
-4
Evaluate 9 + -3 + -5 - 1.
0
Evaluate (-3 - -4) + (15 - 9).
7
Calculate 0 - (0 - (0 + -3)).
-3
What is the value of 1 - (12 + -3 - 3) - -1?
-4
Evaluate (1 - 3) + -92 + 102.
8
Evaluate -11 + (8 - (1 + -5 - -10)).
-9
Evaluate (-1 - 0) + -1 + (-33 - -32).
-3
What is the value of -5 + -9 + (-4 + 7 - -4)?
-7
What is -2 - (5 + 3) - -8?
-2
(14 + -6 - 3) + -10
-5
Calculate -1 - (-3 - (4 + -2 + -4)).
0
Calculate 4 + -7 - (14 - 13).
-4
What is the value of 4 - (7 + -15 + 9)?
3
What is the value of -4 + 2 + 6 - 8?
-4
What is the value of (-2 - (6 + -3 - 3)) + 1?
-1
Calculate -6 + (-10 - -7 - (-6 + 2)).
-5
-6 + 1 + (-1 - (2 - 7))
-1
Calculate -12 - -12 - (2 - 2).
0
Evaluate 4 + 0 + (-2 - -1).
3
Calculate -3 - 6 - -11 - (6 + -2).
-2
(5 - 5 - -2 - 9) + 3
-4
-9 - ((-15 - -10) + -4)
0
1 + (-2 - (-15 + 10))
4
Evaluate 10 + (7 - 20) + 8 + 5.
10
(2 + (-3 - 1) - 2) + 4
0
Calculate (3 - 7) + -2 + 6.
0
Evaluate -8 - (1 + (5 - 4 - 6)).
-4
Calculate (23 - 23) + (-2 - (-2 + 3)).
-3
Calculate 5 - 0 - (-2 - (-1 + -2)).
4
What is (186 - 193) + (1 - -13)?
7
What is (-7 - -6 - -3) + -2?
0
What is the value of (4 - 3) + 9 + -6?
4
What is (7 + -2 - 2) + 8 + -8?
3
Calculate 7 + -8 + (17 - 13).
3
(-3 + 4 + 3 - 4) + 3
3
Calculate (-1 - (-1 + -2)) + -3 - -3.
2
What is 0 - 0 - (3 - -2)?
-5
What is 9 - (4 + -4 + -2 + 6)?
5
-7 - (6 - (10 - 6) - 2)
-7
Calculate 1 - (0 + 13 + (3 - 7)).
-8
(3 - -1) + -6 + 1
-1
5 - (4 + (0 - 4))
5
Calculate -5 + (3 - -3) + (-9 - -11).
3
-398 - -400 - (1 - (-1 + 0))
0
What is the value of 8 + 3 - (-10 - -17)?
4
What is the value of -15 + 20 + -16 - (-4 - -1)?
-8
(2 - 0) + 1 + -4
-1
Calculate (-11 - -4) + 3 - -2.
-2
What is the value of 4 + 4 + 3 + -6?
5
Evaluate 6 + -2 + (-8 - (-3 + 4)).
-5
Calculate (5 + 8 - 10) + -6.
-3
What is 0 + 2 + (0 - 3)?
-1
Evaluate -7 - -1 - (-2 + 0).
-4
What is -5 - (-5 - (-4 + 3 + -2))?
-3
Calculate -5 + 1 - (-3 + (0 - -1)).
-2
What is (-1 + 6 - 1) + -2?
2
Evaluate 1 + (0 - (7 + -3 - 7)).
4
Calculate (1 - (-1 + 3)) + 1.
0
Calculate -10 - 2 - (-15 + 11).
-8
Evaluate -1 + (-4 - 0) + -5 + 7.
-3
Calculate 4 + (-7 - -1) - 3.
-5
What is the value of -4 + -3 + 3 + 0?
-4
Calculate -2 + -2 + -2 - (-14 - -11).
-3
What is -1 + 3 - -1 - (-5 - -13)?
-5
Evaluate 11 + -3 + -1 + -13.
-6
What is -1 - 9 - (10 - 14)?
-6
4 - 5 - (-5 - 0)
4
11 + (15 - 30) + -2
-6
What is the value of 24 + -14 - 5 - -4?
9
Calculate (3 - 2) + 11 + -8 - 9.
-5
What is the value of -2 - (3 - 0) - (21 + -25)?
-1
What is the value of -10 + 13 + 0 + -3 + 8?
8
What is 3 + -12 - -2 - -2?
-5
What is -6 + 5 + -11 + 12?
0
Evaluate (-4 - -1 - 0) + (-65 - -62).
-6
Evaluate (1 - -8) + 2 + -6.
5
Calculate 29 + (-2 - 6) + -11.
10
3 - (-3 - 3 - (-13 - -4))
0
What is 4 - 6 - (-6 - -12 - 19)?
11
What is (2 + 3 - -3) + -5?
3
What is -19 - -16 - (4 + -1 + -1)?
-5
Evaluate (5 - (4 + -3)) + -6 - -8.
6
What is the value of -2 - 1 - -9 - 10?
-4
0 - -2 - (10 - (-3 - -7))
-4
Evaluate (-1 - 4) + (54 - 57).
-8
Calculate -3 + 1 + 5 - 4 - 5.
-6
Evaluate (-3 - (-12 + 0)) + -10.
-1
What is the value of 8 - (-1 + 1 + -3 + 7)?
4
What is the value of (4 - 0) + 0 + 1?
5
What is the value of 1 + -3 + 0 + -2 + -1?
-5
Calculate -15 + 10 + -8 + 8.
-5
Evaluate 1 + 2 + -2 + (-5 - -4).
0
10 - 0 - (-18 + 33)
-5
What is the value of (5 - 1 - (40 + -43)) + 2?
9
Calculate (4 - (1 - 0)) + 1 + -2.
2
What is 3 + (-1 - 1) + 3 + -1?
3
What is -4 - (0 - 8 - (-2 - 0))?
2
0 - -1 - (-4 + 4)
1
-3 + (-4 - -3) - (-37 - -31)
2
What is the value of (0 - 1 - -10) + -2?
7
What is the value of 0 - (3 - (-4 + 6 - -2))?
1
Calculate 3 + 5 + 6 + -12.
2
What is 3 + -3 + 3 - 8?
-5
What is the value of 0 - (2 - (9 + (-5 - -3)))?
5
What is the value of (-5 - -2 - 3 - 1) + 2?
-5
-15 + (-3 - -11) + 9
2
3 - ((8 - 4) + -1)
0
What is the value of 0 + 0 + (0 - -2)?
2
Calculate 3 - 0 - (-3 + 6 + 0).
0
What is (6 - 1) + -3 - 4?
-2
3 - -8 - (44 - 33)
0
Calculate (-3 + 6 - 1) + 2.
4
What is 2 + (1 - (1 - 3) - 0)?
5
What is (-1 - (0 - 1)) + (-2 - -4)?
2
Calculate -1 - -3 - 6 - (1 - 2).
-3
Calculate 2 + (-1 - -1) + -3 - 0.
-1
What is 19 - 23 - (3 + -1)?
-6
Evaluate (-10 - -12) + 1 + -3 - 2.
-2
Calculate 0 - -4 - (0 - -1 - 1).
4
-45 + 44 - (-5 + (1 - 1))
4
What is the value of -1 + 1 + -2 + -4 + 1?
-5
What is the value of (-2 - (3 + -1)) + (-1 - -2)?
-3
-11 + (15 - (-11 - -7))
8
Evaluate 2 + -1 + -2 - (5 + -4).
-2
Calculate 8 - ((11 - 4) + 1 + -6).
6
Evaluate (-125 - -104) + 12 + -1.
-10
Calculate -2 + 1 - (4 - 2).
-3
Evaluate 1 + 3 + (5 - 20) + 5.
-6
Calculate (-7 - -5 - 1) + -3 + -1.
-7
What is the value of -3 + 3 + (-5 + 2 - -3)?
0
What is the value of -14 - (-5 + (10 - 22))?
3
-2 + 0 - (1 - (-1 - -5))
1
What is the value of -9 + 9 + (-1 + -3 - -5)?
1
(-2 - (0 - 6)) + -5
-1
Evaluate (-6 - -7) + 1 - (-4 - 1).
7
2 - (0 - -4) - -2
0
-1 - (1 + 0 - (4 - -1))
3
Calculate (3 + -2 - 8) + 23 + -21.
-5
Calculate -9 + (5 - -4) + (0 - 1).
-1
Calculate 1 + 1 + 1 - 6.
-3
2 - (-5 + (2 - 1 - -1))
5
Calculate (-12 - -9) + (0 - 0) - -3.
0
Evaluate 20 - (21 + -11) - 15.
-5
What is the value of -9 + -4 + 7 - -1?
-5
Calculate (12 - 17) + (12 - 2).
5
Evaluate -5 + 8 + (-1 - 1).
1
What is -3 + -3 + (8 - 0)?
2
What is -15 - -19 - (7 - 2 - 0)?
-1
8 + -8 + 0 + -1 + 5
4
What is 2 - ((-1 - -3) + 5)?
-5
Evaluate (-2 - (7 + -2)) + (-5 - -9).
-3
Calculate -4 + -2 + (4 - -1) + -2.
-3
What is 2 + -1 - (-4 + -3 + 6)?
2
What is the value of 5 + (-6 - -2) - 2?
-1
What is (3 - 7 - -6) + 0?
2
What is the value of 5 + (-2 - 5) - -3?
1
What is -3 + 1 + -2 - (121 + -129)?
4
What is the value of 1 + 5 + 0 + -8 - -8?
6
Evaluate 1 + -2 + -1 + (-20 - -25).
3
Evaluate 3 - (-4 - (-8 - 0)) - -1.
0
What is (5 - (5 - (2 - 5))) + -6?
-9
What is the value of -2 - 10 - (-38 + 35)?
-9
What is the value of ((-1 - -5) + -2 - -4) + -3?
3
What is the value of (15 - 3) + -5 - 8?
-1
Calculate (6 - 4) + 0 - 1.
1
What is -4 - (-18 + 11 + -6)?
9
Calculate 6 - (-4 - (-8 - (3 - 8))).
7
(-1 - -1) + 9 - (-44 - -45)
8
What is (1 + 0 - -3 - 7) + 1?
-2
Evaluate -1 + -1 + (2 - 4).
-4
What is 142 + -150 - (1 - 0)?
-9
Calculate 5 - -1 - (10 + -10) - 7.
-1
Evaluate 12 - 10 - (0 - 1) - 1.
2
0 + 1 + 1 - (-47 - -43)
6
Evaluate -7 - (1 + -8 + -1).
1
What is the value of -6 + 7 + 6 + (3 - 2)?
8
-6 - (0 - ((1 - -6) + -4))
-3
What is -6 - -6 - (-1 - -5 - -1)?
-5
